= -3*s - 0 + 73. Let l(v) = -13*v. Let h be l(-3). Calculate the highest common divisor of s and h.
13
Suppose 37*t - 292 = 35*t + l, -4*t + 576 = -4*l. Let a = 1 + 3. Suppose 0 = -2*r + a*r - 74. Calculate the highest common divisor of r and t.
37
Let o = 34285 + -28143. Calculate the highest common factor of 996 and o.
166
Suppose 0 = 5*k - y - 220, y + 6 = -2*k + 87. Suppose 6*r - k = 875. What is the greatest common factor of r and 34?
17
Let h(l) = 21*l**2 + 2*l - 3. Let s be h(4). Let i = 188 + -183. Suppose 0 = i*r + 2*r - 217. Calculate the greatest common factor of r and s.
31
Let m(z) = 849*z + 20940. Let d be m(-24). Calculate the greatest common factor of 1 and d.
1
Let w(p) = -19*p**2 + 583*p - 96. Let t be w(22). What is the highest common divisor of t and 186?
186
Let b(h) = -2*h**3 + 185*h**2 + 74*h + 2003. Let y be b(93). What is the highest common factor of 26668 and y?
236
Suppose 41*i - 9*i - 26040 = 17*i. Calculate the greatest common divisor of i and 341.
31
Let s be (2 - (-30)/(-25))*80/4. Let m be 2*s/3*(-285)/(-20). What is the highest common factor of m and 19?
19
Let x be 7/35 - 1/((-20)/(-144)). Let h(b) = -7*b - 38. Let i be h(x). Calculate the highest common divisor of i and 209.
11
Let j be 1*(1 - 0)*-1 - -385. Let r = 217 + -169. What is the highest common divisor of j and r?
48
Let f be 4/(-10) - (-732)/30. Let j(o) = -o**3 + 13*o**2 + 33*o - 213. Let n be j(7). Calculate the highest common divisor of n and f.
24
Let f = 31 + -13. Suppose 14*d + 164 = f*d. Calculate the highest common factor of d and 205.
41
Suppose -37059 = -206*m + 35041. What is the highest common factor of m and 2650?
50
Suppose 333*h + 26 = 339*h + 2. Calculate the highest common divisor of h and 4.
4
Suppose 0 = -817*b + 615*b + 3636. Let a(n) = 9*n**2 + 6*n + 6. Let k be a(-4). Calculate the highest common factor of k and b.
18
Let h(v) = v**3 + 10*v**2 + 2*v + 24. Let p be h(-10). Suppose -p*u + 117 - 81 = 0. Calculate the greatest common factor of 243 and u.
9
Let c(o) = -541*o + 727. Let x be c(-7). What is the greatest common divisor of 148 and x?
74
Let l(u) = -7*u + 1 + 14*u - 5. Suppose -5 = -3*g - 2*g. Let h be l(g). Calculate the highest common factor of h and 15.
3
Suppose 45*k - 35*k = 80. Let n be (1 + (-84)/8)/(k/(-144)). What is the greatest common factor of 57 and n?
57
Let x = -101 + 93. Let y be 249/(4 + (x - -3)). Let v be y/(-6) + 3/6. What is the greatest common factor of 21 and v?
21
Let r(a) = 2*a**3 - 14*a**2 + 55*a - 24. Let s be r(9). Calculate the highest common divisor of 20 and s.
5
Suppose 0 = 3*o - 6*k + 4*k - 220, 0 = -2*o - 5*k + 134. Let f = 12 + o. Calculate the highest common divisor of f and 672.
84
Suppose -27*p = -23127 + 8385. Calculate the greatest common divisor of p and 24.
6
Let q(d) be the third derivative of 0 - 13/6*d**3 + 13/24*d**4 + 12*d**2 + 0*d. Let a be q(9). What is the highest common divisor of a and 13?
13
Let o(h) = 571*h - 1432. Let t be o(8). What is the greatest common factor of t and 294?
98
Let u be 8208/6*(-22)/(-88). Calculate the greatest common factor of 18 and u.
18
Let k be 3/(-9) - 15147/(-81) - (-2)/6. Calculate the greatest common factor of k and 612.
17
Let l(b) = 2*b**3 + 111*b**2 + 932*b + 32. Let t be l(-38). Calculate the highest common divisor of t and 108.
36
Suppose -5*x = -12 - 18. Suppose x*t = 2*t + 348. Suppose 18*m = 652 - 130. Calculate the greatest common factor of t and m.
29
Suppose -5613*g + 5627*g = 99722. Calculate the highest common factor of 17 and g.
17
Let s = -567 - -737. Suppose -2*p + 73 = -5*c, -6*p + 2*c + s = -2*p. What is the highest common factor of 176 and p?
44
Let t be (1 - (-129)/5) + (-148)/185. What is the highest common factor of t and 3796?
26
Let u(p) = -83*p - 1738. Let y be u(-21). Calculate the greatest common divisor of y and 1855.
5
Let d(m) = 38*m**3 - 45*m**3 + 0*m + 3*m + 2 - 2*m - m**2. Let k be d(-2). Calculate the highest common factor of 416 and k.
52
Let n = -40 - -45. Suppose 5*u - 105 + 25 = n*j, 5*u - j - 92 = 0. Calculate the highest common factor of u and 19.
19
Let u(t) = 2*t**2 - 134*t - 232. Let z be u(72). What is the highest common divisor of z and 2989?
61
Let p = 333 - 323. Let t be 152/7 - (-1 - p/(-14)). What is the greatest common divisor of t and 165?
11
Suppose 226 + 86 = 2*n. Calculate the highest common factor of n and 7332.
156
Let o = -118 + 196. Suppose -3*k + 3*t - 5*t = -o, 5*t + 33 = 2*k. Calculate the highest common divisor of 18 and k.
6
Suppose 3*v - 4*q = 48, 0 = 4*v + 5*q - 17 - 16. Let j = -13896 - -13908. Calculate the greatest common factor of v and j.
12
Suppose -12*y + 39*y - 1067 - 3145 = 0. What is the greatest common divisor of 3237 and y?
39
Let s(d) = -35*d - 205. Let i be s(-21). Let t = -506 + i. Calculate the highest common factor of 420 and t.
12
Let o(y) = y + 23. Let t be -4 + (-1)/(((-7)/(-9))/7). Let h be o(t). Suppose 0 = h*g - 8*g - 32. Calculate the highest common factor of 144 and g.
16
Let b be ((-4830)/(-1470))/(1/791). What is the greatest common divisor of 452 and b?
113
Suppose -7*p + 188 + 400 = 0. Suppose 0 = 139*r - 140*r + 105. Calculate the highest common factor of r and p.
21
Suppose 60*g + 7*g = 15*g + 698464. What is the greatest common factor of 219 and g?
73
Let j(i) = -1184*i + 11234. Let s be j(9). What is the highest common divisor of s and 68?
34
Let s(b) be the second derivative of -b**2 + 16*b + 0 - 1/3*b**3. Let t be s(-4). Calculate the highest common divisor of 3 and t.
3
Let m = 6525 - -6930. What is the highest common factor of m and 230?
115
Let s be (-14)/((-256)/40 - -6). What is the highest common factor of 42 and s?
7
Suppose 39*t - 28 = 37*t. Suppose 167 = 3*c + 4*z, 1 = c - 3*z - 33. Suppose 2*m - c = 35. What is the highest common divisor of t and m?
14
Let j = 168152 - 168132. Suppose -g = z - 88, -2*g + 4*z = -0 - 188. What is the greatest common factor of j and g?
10
Let m = -880 + 336. Let w = m + 904. What is the greatest common divisor of 216 and w?
72
Suppose -43*p = -8*p - 1085. Suppose -2425 = p*z - 6765. Calculate the highest common divisor of z and 28.
28
Suppose -2*s + 45362 = 10*s - 141598. What is the greatest common divisor of 95 and s?
95
Suppose -4*n = 5*d - 908, d - 4*n = 220 - 48. Suppose -9*k - 41*k + 1800 = 0. What is the greatest common divisor of d and k?
36
Let x = 16110 - 15820. What is the greatest common factor of x and 430?
10
Let a(d) = 5*d + 122. Let y be a(22). Suppose 0 = -5*r - 25, 32*n - 33*n + 3*r = -305. What is the highest common divisor of y and n?
58
Let w(v) = 7*v - 16. Let p be w(5). Let i = 31 - p. Let l = -253 + 385. What is the highest common factor of i and l?
12
Suppose 6183*i + 434980 = 6209*i. What is the highest common factor of 14 and i?
14
Let o be 4 + (-3 + 2 + 2)/(5/490). Calculate the highest common divisor of 2890 and o.
34
Let j = 332 - 422. Let x = -22 - j. What is the greatest common factor of 612 and x?
68
Suppose 0 = -49*w + 44*w - 640. Let x be (-5 - w/24) + 119/3. Calculate the greatest common divisor of x and 50.
10
Suppose 3*d + 4*p = -8, -739 + 699 = 5*p. What is the highest common factor of d and 1100?
4
Suppose -89307 - 136856 = -17*c - 56316. What is the highest common divisor of 194 and c?
97
Let j(u) = -2*u**3 + 76*u**2 - 52*u + 143. Let h be j(37). What is the greatest common divisor of 1305 and h?
87
Let v(f) = 2*f + 54. Let r be v(-26). Suppose 235 = r*d - 117. Calculate the greatest common factor of 16 and d.
16
Suppose -4*y + 52 - 52 = 0. Suppose -2*p - 4 + 2 = y. Let c(m) = -15*m - 5. Let b be c(p). What is the greatest common divisor of b and 40?
10
Let s be (-6)/(-2) - -548 - 2/(4/2). What is the greatest common factor of 638 and s?
22
Let r be 1012/55 - (-7 - (-294)/35). Suppose g = 4*y - 2989, -2*g + 1491 = 5*y - 2255. Suppose 3*z + y = 7*z. Calculate the greatest common divisor of z and r.
17
Suppose 16 = -4*m + 8*m. Suppose -4*b = -m*y - 0*y - 412, 88 = b + 4*y. Let i = -75 + b. What is the highest common divisor of i and 25?
25
Suppose q - 3*n - 49 = 0, 132*n + 256 = 5*q + 128*n. Calculate the highest common factor of q and 4212.
52
Let c = -1699 + 4067. Calculate the greatest common divisor of 185 and c.
37
Suppose -a - 2*p + 59 = 0, -7*p + 227